
-130333330130
In base 3, what is -2220210 + -101?
-2221011
In base 2, what is 1010001000001 - 1?
1010001000000
In base 9, what is 0 - -305280?
305280
In base 3, what is 2221010220 + -2?
2221010211
In base 8, what is 1642 + -6?
1634
In base 11, what is 3153864 + -1?
3153863
In base 4, what is -112 - 11020232?
-11021010
In base 5, what is -24002 + -334?
-24341
In base 4, what is -131 - -23012?
22221
In base 12, what is -27 + -846b?
-8496
In base 5, what is 2 + -30220002?
-30220000
In base 8, what is 77 + -753?
-654
In base 9, what is 8 + 2054368?
2054377
In base 13, what is -18261 - 18?
-18279
In base 12, what is 3 + 15838?
1583b
In base 13, what is -369c + 4?
-3698
In base 11, what is 184 - -5403?
5587
In base 7, what is -4 + -25452?
-25456
In base 9, what is -1 - -114438?
114437
In base 13, what is 3 + -b03b9?
-b03b6
In base 8, what is 2240 + -3?
2235
In base 7, what is -200404 + 1?
-200403
In base 4, what is -2 + 10002321?
10002313
In base 13, what is c82 + 233?
11b5
In base 11, what is -581 - -4?
-578
In base 2, what is 10001 - 11100011100110?
-11100011010101
In base 15, what is 1b3 - -22?
1d5
In base 12, what is 0 + 3b945?
3b945
In base 11, what is 2 + -878?
-876
In base 14, what is 4273 - -5?
4278
In base 2, what is -110001 - -11110000?
10111111
In base 11, what is 826 + 371?
1097
In base 10, what is -2661 - 3?
-2664
In base 15, what is 11 - a874?
-a863
In base 3, what is 2012 - -222022?
1001111
In base 13, what is 1c62 + -56?
1c09
In base 14, what is -3205 - 19?
-3220
In base 2, what is 10100010010110111 - -11?
10100010010111010
In base 13, what is 295a + -17?
2943
In base 7, what is 134150 - -122?
134302
In base 6, what is 3 + -333334?
-333331
In base 6, what is -3 + -4150253?
-4150300
In base 15, what is 5 + 71049?
7104e
In base 12, what is -17a7a + 4?
-17a76
In base 4, what is 23132030020 - -1?
23132030021
In base 9, what is 708 - -88?
807
In base 5, what is -22213 - -12?
-22201
In base 12, what is 87 + 22b6?
2381
In base 8, what is -645174 + -1?
-645175
In base 13, what is 3 + a155?
a158
In base 4, what is 2331011 + 0?
2331011
In base 10, what is 20081 - 7?
20074
In base 6, what is 10 - 1003105?
-1003055
In base 7, what is -15560043 - 0?
-15560043
In base 10, what is 576 + -34?
542
In base 8, what is -4644213 - 1?
-4644214
In base 10, what is 918 + -37?
881
In base 9, what is -37 + 138?
101
In base 8, what is 1 + -1331440?
-1331437
In base 15, what is 2d40 - 13?
2d2c
In base 11, what is 195a + -470?
149a
In base 5, what is 2110301304 + 3?
2110301312
In base 7, what is 633 + -155?
445
In base 7, what is 136 + 55425?
55564
In base 10, what is -43269 + -1?
-43270
In base 8, what is 7 - 10140?
-10131
In base 3, what is -120002 + 102?
-112200
In base 5, what is -10112 - 10440?
-21102
In base 4, what is -1133012322 - -10?
-1133012312
In base 4, what is 331 - 11011?
-10020
In base 6, what is 312524 - 130?
312354
In base 2, what is -1110001100100001100 - 110?
-1110001100100010010
In base 9, what is -2 + -55507?
-55510
In base 2, what is -1001101100101 + -10111?
-1001101111100
In base 11, what is -2 - 121964?
-121966
In base 11, what is -42 + 522?
490
In base 10, what is 101 + -1053?
-952
In base 7, what is -666545 - -3?
-666542
In base 13, what is 5 + 2214?
2219
In base 11, what is -34318 + 5?
-34313
In base 7, what is -3 + -2040024?
-2040030
In base 12, what is 10 - -989?
999
In base 13, what is 119a56 + 8?
119a61
In base 2, what is -1011 + 10100101011001?
10100101001110
In base 14, what is -bc3 - 26?
-c09
In base 7, what is -4 + -3162053?
-3162060
In base 16, what is -f71 - -b?
-f66
In base 8, what is 12 - -25462?
25474
In base 6, what is 2 - 12213?
-12211
In base 11, what is -2 + -8941?
-8943
In base 15, what is -520a + e?
-51eb
In base 10, what is 173 - -662?
835
In base 4, what is 1320 + -202232?
-200312
In base 3, what is 2 + 1001012020?
1001012022
In base 11, what is 994 - 2040?
-1157
In base 3, what is -10 + 2000201022?
2000201012
In base 6, what is -1 + -1041531?
-1041532
In base 9, what is -817788 - 5?
-817804
In base 3, what is 120 - -121022121000?
121022121120
In base 6, what is -4312 + 4031?
-241
In base 11, what is -8a3 + 48?
-856
In base 13, what is 13a71 - 105?
13969
In base 4, what is 10311 + 32132?
103103
In base 4, what is 11 + 1132220210?
1132220221
In base 12, what is 68710 - 0?
68710
In base 11, what is 6a + -969?
-8aa
In base 3, what is -1110021100 + -211?
-1110022011
In base 14, what is -3 + -ad3b?
-ad40
In base 9, what is 53850 + 0?
53850
In base 2, what is -10001 - -110010000101100?
110010000011011
In base 14, what is 5 + 33627?
3362c
In base 15, what is 0 - 1ecba?
-1ecba
In base 5, what is -1000343 - -32?
-1000311
In base 7, what is -10650 - -1565?
-6052
In base 7, what is -2 - -2012642?
2012640
In base 4, what is 2331 - -30200?
33131
In base 10, what is 1 - -76100?
76101
In base 13, what is -27a0 - -1?
-279c
In base 11, what is -12 - 304?
-316
In base 3, what is -211101200 + -10?
-211101210
In base 14, what is 105 + -2d?
b6
In base 13, what is -371 - -4c?
-322
In base 14, what is -1835a + -3?
-1835d
In base 12, what is -21b9 + -41?
-223a
In base 8, what is 1107 - -1067?
2176
In base 3, what is -1120 - -102120022?
102111202
In base 11, what is 981 - -22a?
1100
In base 4, what is 23 - -220222010?
220222033
In base 4, what is 211 - -111311?
112122
In base 4, what is -131100012030 + 2?
-131100012022
In base 7, what is 11 + -101202?
-101161
In base 9, what is 443 + -823?
-370
In base 11, what is -2a80 + -15?
-2a95
In base 14, what is -2 - -596a3?
596a1
In base 14, what is -4cc0 + -2?
-4cc2
In base 7, what is 1121 + -10566?
-6445
In base 6, what is -34313 + -120?
-34433
In base 10, what is -18 - -387932?
387914
In base 5, what is 233411 - -1?
233412
In base 2, what is -1000111 + -100110110?
-101111101
In base 3, what is -1 + 212101012011?
212101012010
In base 14, what is -12a5 + 66?
-123d
In base 3, what is -1010120 - -100211?
-202202
In base 15, what is -4 + 1bee?
1bea
In base 7, what is -55432526 - 0?
-55432526
In base 15, what is -2c60 - 129?
-2d89
In base 3, what is -1 + -2010112002?
-2010112010
In base 10, what is 5 + -29668?
-29663
In base 4, what is 130 - -2003220?
2010010
In base 3, what is 1221221211 - 1?
1221221210
In base 13, what is 68756 - 3?
68753
In base 15, what is 22c - -77?
2a4
In base 15, what is -2bcb - 3?
-2bce
In base 5, what is -2421 + 201?
-2220
In base 2, what is -1100101111100111100 - 101?
-1100101111101000001
In base 2, what is 10010 + -1001011010110?
-1001011000100
In base 7, what is 21156 + -3?
21153
In base 14, what is 2 - 2102?
-2100
In base 5, what is 23 - 211213?
-211140
In base 16, what is -79227 - 1?
-79228
In base 14, what is -3 - 37b66?
-37b69
In base 5, what is -20213113 + -2?
-20213120
In base 16, what is b - -2e3?
2ee
In base 10, what is -366 - 9?
-375
In base 6, what is 122 + 14040?
14202
In base 2, what is -11011001110 - 111100?
-11100001010
In base 6, what is -24 - -1312402?
1312334
In base 11, what is -94aa3 + 3?
-94aa0
In base 9, what is -67468 - -3?
-67465
In base 9, what is -1180 + -517?
-1707
In base 6, what is -3051215 + 4?
-3051211
In base 13, what is 15 - 77b8?
-77a3
In base 8, what is 161542 - 1?
161541
In base 9, what is 41180 + -3?
41176
In base 6, what is -3 + 131134?
131131
In base 4, what is -1030122 + -12?
-1030200
In base 12, what is 59989 + 6?
59993
In base 11, what is 2 - -3aa10?
3aa12
In base 5, what is 20 + 210104?
210124
In base 15, what is 3c9a - -7?
3ca2
In base 12, what is 10 - -2b8?
308
In base 4, what is -12020 + 2112?
-3302
In base 14, what is 23467a + -4?
234676
In base 12, what is -b6259 + 7?
-b6252
In base 7, what is 144 - -503540?
504014
In base 14, what is 10 - 2b51?
-2b41
In base 7, what is -14 - -224320?
224303
In base 8, what is 3366 + -4?
3362
In base 16, what is 6 + e630b?
e6311
In base 14, what is 1c90 + 2?
1c92
In base 14, what is -1b22b + -1?
-1b22c
In base 11, what is 6779a + -2?
67798
In base 13, what is 37 + 598?
602
In base 8, what is -316216 - 5?
-316223
In base 6, what is 14422 - -4?
14430
In base 9, what is -475 + -4?
-480
In base 14, what is 43cc9 + 16?
43d01
In base 14, what is -2 + -29c81?
-29c83
In base 7, what is -11536025 - 3?
-11536031
In base 14, what is -188bd - -2?
-188bb
In base 16, what is -4d8e + -1a?
-4da8
In bas